 by 1230?
507
Calculate the remainder when 11661 is divided by 530.
1
What is the remainder when 73442 is divided by 348?
14
What is the remainder when 702 is divided by 596?
106
What is the remainder when 12893 is divided by 208?
205
Calculate the remainder when 35330 is divided by 32.
2
What is the remainder when 867870 is divided by 124?
118
What is the remainder when 24706 is divided by 133?
101
Calculate the remainder when 75279 is divided by 15034.
109
What is the remainder when 4403019 is divided by 161?
152
Calculate the remainder when 6406 is divided by 100.
6
What is the remainder when 32222 is divided by 90?
2
What is the remainder when 57450 is divided by 3829?
15
Calculate the remainder when 13396 is divided by 101.
64
What is the remainder when 1900 is divided by 453?
88
Calculate the remainder when 1319 is divided by 503.
313
What is the remainder when 8597 is divided by 8512?
85
What is the remainder when 31862 is divided by 31837?
25
Calculate the remainder when 27777 is divided by 124.
1
What is the remainder when 980825 is divided by 27?
23
What is the remainder when 52099 is divided by 349?
98
What is the remainder when 12956 is divided by 4228?
272
Calculate the remainder when 3082 is divided by 3030.
52
What is the remainder when 6877 is divided by 40?
37
Calculate the remainder when 700 is divided by 42.
28
Calculate the remainder when 16549 is divided by 1132.
701
Calculate the remainder when 22668 is divided by 3238.
2
Calculate the remainder when 65249 is divided by 413.
408
Calculate the remainder when 54860 is divided by 37.
26
Calculate the remainder when 50161 is divided by 523.
476
What is the remainder when 9226 is divided by 192?
10
Calculate the remainder when 5471 is divided by 2677.
117
What is the remainder when 21910 is divided by 126?
112
Calculate the remainder when 1822 is divided by 540.
202
What is the remainder when 263990 is divided by 23?
19
Calculate the remainder when 5308 is divided by 161.
156
What is the remainder when 1318 is divided by 373?
199
Calculate the remainder when 141652 is divided by 448.
84
Calculate the remainder when 280414 is divided by 96.
94
Calculate the remainder when 352196 is divided by 587.
583
What is the remainder when 349144 is divided by 119?
117
What is the remainder when 6172 is divided by 92?
8
Calculate the remainder when 7495 is divided by 104.
7
Calculate the remainder when 1564 is divided by 39.
4
What is the remainder when 3102 is divided by 3002?
100
Calculate the remainder when 16470 is divided by 283.
56
What is the remainder when 927331 is divided by 551?
549
What is the remainder when 634191 is divided by 13?
12
Calculate the remainder when 19930 is divided by 328.
250
Calculate the remainder when 43853 is divided by 21918.
17
Calculate the remainder when 3110 is divided by 445.
440
Calculate the remainder when 63748 is divided by 142.
132
What is the remainder when 2260 is divided by 18?
10
What is the remainder when 168044 is divided by 17?
16
What is the remainder when 24628 is divided by 12313?
2
What is the remainder when 5224 is divided by 26?
24
What is the remainder when 7082 is divided by 221?
10
What is the remainder when 149352 is divided by 1396?
1376
What is the remainder when 2456 is divided by 225?
206
What is the remainder when 28928 is divided by 9639?
11
Calculate the remainder when 6206 is divided by 108.
50
Calculate the remainder when 3462 is divided by 149.
35
Calculate the remainder when 3567 is divided by 185.
52
What is the remainder when 25141 is divided by 83?
75
What is the remainder when 6930 is divided by 101?
62
What is the remainder when 1552877 is divided by 16?
13
What is the remainder when 11021 is divided by 164?
33
Calculate the remainder when 35340 is divided by 1071.
1068
What is the remainder when 22764 is divided by 30?
24
What is the remainder when 1836 is divided by 915?
6
Calculate the remainder when 9700 is divided by 98.
96
What is the remainder when 9595 is divided by 458?
435
What is the remainder when 4853 is divided by 108?
101
What is the remainder when 1314 is divided by 315?
54
Calculate the remainder when 1848 is divided by 8.
0
What is the remainder when 23591 is divided by 160?
71
Calculate the remainder when 6203 is divided by 315.
218
Calculate the remainder when 282941 is divided by 64.
61
What is the remainder when 27 is divided by 5?
2
What is the remainder when 218 is divided by 203?
15
What is the remainder when 1992892 is divided by 22?
0
Calculate the remainder when 434422 is divided by 787.
785
What is the remainder when 379259 is divided by 187?
23
Calculate the remainder when 6945 is divided by 19.
10
Calculate the remainder when 3148031 is divided by 12.
11
Calculate the remainder when 2147 is divided by 274.
229
Calculate the remainder when 2249 is divided by 324.
305
Calculate the remainder when 4165 is divided by 1940.
285
Calculate the remainder when 1803 is divided by 234.
165
What is the remainder when 56644 is divided by 1012?
984
Calculate the remainder when 16745 is divided by 18.
5
Calculate the remainder when 1659 is divided by 785.
89
What is the remainder when 4136 is divided by 594?
572
What is the remainder when 157042 is divided by 3828?
94
What is the remainder when 122215 is divided by 54?
13
Calculate the remainder when 343504 is divided by 449.
19
Calculate the remainder when 22079 is divided by 80.
79
What is the remainder when 9835 is divided by 1092?
7
Calculate the remainder when 7465 is divided by 288.
265
What is the remainder when 1803625 is divided by 189?
187
Calculate the remainder when 2676 is divided by 134.
130
Calculate the remainder when 48663 is divided by 17.
9
What is the remainder when 5890297 is divided by 2300?
2297
What is the remainder when 731099 is divided by 31?
26
Calculate the remainder when 1502487 is divided by 89.
78
What is the remainder when 3652 is divided by 382?
214
Calculate the remainder when 419039 is divided by 2757.
2732
Calculate the remainder when 10656 is divided by 146.
144
Calculate the remainder when 1222 is divided by 1216.
6
What is the remainder when 5929 is divided by 193?
139
Calculate the remainder when 25873 is divided by 647.
640
Calculate the remainder when 8929 is divided by 2970.
19
Calculate the remainder when 49330 is divided by 16436.
22
Calculate the remainder when 1717 is divided by 215.
212
What is the remainder when 196026 is divided by 69?
66
Calculate the remainder when 19122 is divided by 24.
18
What is the remainder when 12029 is divided by 3980?
89
Calculate the remainder when 240692 is divided by 91.
88
Calculate the remainder when 23835 is divided by 3356.
343
What is the remainder when 21658 is divided by 415?
78
What is the remainder when 3033 is divided by 5?
3
Calculate the remainder when 47020 is divided by 110.
50
Calculate the remainder when 1143 is divided by 166.
147
What is the remainder when 624 is divided by 172?
108
What is the remainder when 1804198 is divided by 62?
60
What is the remainder when 16759 is divided by 71?
3
What is the remainder when 65456 is divided by 1073?
3
What is the remainder when 1166272 is divided by 2230?
2212
Calculate the remainder when 63865 is divided by 22.
21
Calculate the remainder when 411707 is divided by 99.
65
Calculate the remainder when 4338 is divided by 1841.
656
Calculate the remainder when 1798 is divided by 556.
130
Calculate the remainder when 11892 is divided by 47.
1
What is the remainder when 107486 is divided by 198?
170
What is the remainder when 9818 is divided by 818?
2
Calculate the remainder when 282 is divided by 89.
15
What is the remainder when 76531 is divided by 3060?
31
What is the remainder when 11958 is divided by 1991?
12
Calculate the remainder when 79929 is divided by 952.
913
What is the remainder when 11155 is divided by 359?
26
What is the remainder when 28635 is divided by 1787?
43
Calculate the remainder when 56590 is divided by 18853.
31
Calculate the remainder when 11714 is divided by 96.
2
Calculate the remainder when 7206 is divided by 931.
689
Calculate the remainder when 8221 is divided by 29.
14
What is the remainder when 68551 is divided by 17134?
15
What is the remainder when 6936 is divided by 776?
7